8
Let d(q) = -12265*q - 122642. Calculate d(-10).
8
Let j(s) = 276*s + 1928. Calculate j(-7).
-4
Let o(c) = -c**3 - 7*c**2 + 11*c + 46. Calculate o(-7).
-31
Let f(t) = -t**2 + 31*t + 153. Give f(44).
-419
Let n(c) = c**3 - 8*c**2 - c - 9. Give n(10).
181
Let s(u) = -u**3 - 6*u**2 - 13*u - 15. What is s(-4)?
5
Let w(g) = 5*g - 42. Determine w(4).
-22
Let w(k) = -3*k**2 + 35*k + 147. Determine w(15).
-3
Let x(f) = 144*f - 292. Calculate x(2).
-4
Let b(p) = -p**3 + 32*p**2 - 110*p - 66. Determine b(28).
-10
Let x(c) = -5*c**3 - 165*c**2 - 162*c - 110. Determine x(-32).
-46
Let f(h) = h**2 - 48*h + 145. Calculate f(46).
53
Let x(n) = -28*n - 316. Calculate x(-20).
244
Let s(o) = o**3 + o**2 - 43*o + 19. Calculate s(-8).
-85
Let g(w) = w**3 - 21*w**2 - 8*w + 12. Give g(21).
-156
Let x(h) = h**2 - 2396*h + 16702. Give x(7).
-21
Let u(z) = z**2 + 39*z + 359. Calculate u(-24).
-1
Let u(f) = -f**2 + 12*f + 364. Give u(17).
279
Let r(b) = b**2 + 3*b - 248. Calculate r(18).
130
Let w(i) = -15*i - 553. What is w(-39)?
32
Let r(o) = -o**3 - 126*o**2 + 167*o + 5087. Give r(-127).
7
Let a(b) = 71*b - 284. Calculate a(4).
0
Let a(p) = p**2 - 64*p - 207. Determine a(67).
-6
Let q(p) = -7*p + 135. What is q(18)?
9
Let a(p) = p**3 - 37*p**2 - 76*p - 36. Determine a(39).
42
Let o(w) = -w**3 - 84*w**2 + w + 89. What is o(-84)?
5
Let c(p) = -p**2 - 9*p - 24. Give c(-9).
-24
Let k(n) = 835*n**3 - 5*n**2 + 8*n - 4. What is k(1)?
834
Let u(q) = -q**2 + 1871*q - 7468. Calculate u(4).
0
Let u(c) = -3*c**2 + 198*c + 621. What is u(69)?
0
Let a(u) = -8*u**2 - 19*u + 1. Give a(3).
-128
Let x(t) = -t**3 + 2*t**2 + 50*t - 17. What is x(-5)?
-92
Let b(g) = -6*g + 37. Determine b(2).
25
Let o(n) = -7*n**3 - 15*n**2 - 49*n - 33. What is o(-1)?
8
Let v(i) = 9631*i - 19277. Determine v(2).
-15
Let m(x) = 863*x + 22432. Determine m(-26).
-6
Let c(y) = 172*y - 1824. What is c(12)?
240
Let w(k) = -160*k**3 + 10*k + 9. What is w(-1)?
159
Let b(t) = -t**2 + 15*t - 154. What is b(13)?
-128
Let a(q) = -q**3 - 3*q**2 + 151*q + 84. Give a(11).
51
Let j(y) = -437*y - 77341. Determine j(-177).
8
Let k(i) = -i - 373. Determine k(-17).
-356
Let x(b) = 477*b + 4258. Determine x(-9).
-35
Let d(w) = 11420*w - 22844. Determine d(2).
-4
Let d(k) = -165*k - 1505. Determine d(-11).
310
Let m(y) = -y**2 - 116*y + 580. Calculate m(5).
-25
Let r(b) = -48*b + 1318. Give r(27).
22
Let s(y) = y**3 - 278*y**2 - 292*y + 3623. What is s(279)?
-4
Let c(m) = 34*m**3 + 23*m + 23. Determine c(-1).
-34
Let h(x) = -x**3 + 26*x - 26. Calculate h(5).
-21
Let q(k) = -2*k**3 - 24*k**2 - k - 6. Calculate q(-12).
6
Let g(w) = -41*w**2 + 3. Give g(-2).
-161
Let a(f) = -30*f - 1383. Calculate a(-46).
-3
Let l(v) = -v**3 + 45*v**2 - 95*v + 2245. Give l(44).
1
Let q(o) = 17*o**2 + 66*o - 66. Determine q(1).
17
Let m(h) = 124*h**2 - h + 2. Give m(-1).
127
Let j(v) = -34*v - 10. Determine j(-9).
296
Let o(r) = 201*r - 1412. Calculate o(7).
-5
Let t(h) = 20*h + 13. Give t(10).
213
Let i(w) = w**2 + 18*w - 274. What is i(10)?
6
Let p(k) = 39*k - 977. Calculate p(25).
-2
Let p(d) = 2*d**2 + 21*d + 47. Give p(-15).
182
Let p(s) = -329*s**3 - 3*s + 2. Determine p(1).
-330
Let v(w) = -10*w - 293. Calculate v(-28).
-13
Let q(f) = -f**3 - 6*f**2 - 5*f - 19. What is q(-8)?
149
Let s(y) = -4295*y + 4336. Give s(1).
41
Let n(x) = 3*x**3 + 2*x**2 - 11*x - 29. Give n(-4).
-145
Let l(r) = r**3 - 26*r**2 - 83*r - 131. Calculate l(29).
-15
Let s(u) = -52*u - 571. Calculate s(-11).
1
Let x(i) = -195*i + 12680. Determine x(65).
5
Let v(o) = -o**3 + 42*o**2 + 51*o - 358. What is v(43)?
-14
Let o(r) = -r**3 + 11*r**2 + 60*r - 490. Determine o(9).
212
Let m(y) = -12*y - 422. Calculate m(-47).
142
Let x(z) = -3*z**2 - 148*z + 1706. Determine x(-59).
-5
Let t(j) = 22769*j + 182147. Calculate t(-8).
-5
Let h(p) = -p**3 - 2*p**2 + 11*p - 84. Calculate h(0).
-84
Let q(o) = -19*o + 1104. Determine q(11).
895
Let z(o) = 15*o**3 + 4*o**2 + 8*o + 4. Determine z(-1).
-15
Let y(h) = -2*h**2 + 11*h + 3. Determine y(6).
-3
Let z(t) = 5*t**3 - 65*t**2 + 4*t + 10. Calculate z(13).
62
Let t(g) = g + 114. Determine t(-14).
100
Let v(x) = -3*x - 532. Give v(-14).
-490
Let j(s) = s**3 - 214*s**2 - 618*s - 7158. Give j(217).
3
Let l(w) = -74*w**2 + 27*w - 53. Give l(2).
-295
Let g(w) = 3*w**2 + 3*w - 19. Determine g(4).
41
Let a(z) = -165*z - 1414. Calculate a(-9).
71
Let o(p) = -2*p**2 + 20*p - 49. What is o(5)?
1
Let l(n) = 691*n**2 + 5523*n - 45. Determine l(-8).
-5
Let k(n) = -n**3 - 13*n**2 - n - 82. Calculate k(-8).
-394
Let z(h) = -h**3 + 9*h**2 - 82*h + 918. What is z(10)?
-2
Let x(l) = -201*l + 5002. Determine x(25).
-23
Let u(q) = -8*q**3 + 3*q**2 + 15*q + 45. What is u(-4)?
545
Let i(j) = 453*j + 661. Give i(0).
661
Let m(b) = 56*b**3 - 2*b**2 - b + 1. Calculate m(-1).
-56
Let o(k) = -12*k**2 - 103*k - 47. What is o(-8)?
9
Let p(q) = -q**2 - 29*q + 523. What is p(-40)?
83
Let d(b) = 464*b + 13474. What is d(-29)?
18
Let i(z) = -z**2 - 9*z + 100. Determine i(-14).
30
Let k(c) = -c**3 - 15*c**2 - 45*c - 14. Calculate k(-11).
-3
Let m(s) = 19*s - 591. What is m(34)?
55
Let z(n) = -18*n**3 + 1226*n**2 - 136*n + 1. Calculate z(68).
1
Let a(m) = -6*m**2 - 401*m - 2194. Determine a(-6).
-4
Let g(y) = -49*y**2 + 181*y - 15. Determine g(5).
-335
Let k(o) = -156*o + 292. Give k(1).
136
Let v(d) = -d**2 + 151*d - 1916. What is v(14)?
2
Let f(b) = 4*b**2 + 43*b + 108. Determine f(-11).
119
Let l(n) = -n**3 - 37*n**2 - 72*n - 142. Determine l(-35).
-72
Let v(d) = -d**3 - 23*d**2 - 124*d - 77. Calculate v(-15).
-17
Let j(x) = -904*x - 38882. Determine j(-43).
-10
Let u(x) = -19*x**3 - 6*x**2 + 5*x + 5. Determine u(-1).
13
Let p(q) = q**2 + 48*q + 491. What is p(-16)?
-21
Let h(y) = 8*y**3 - 1578*y**2 + 391*y + 618. What is h(197)?
27
Let f(k) = -k**2 + 11*k + 133. What is f(0)?
133
Let u(y) = 4002*y + 3997. Calculate u(-1).
-5
Let w(p) = -p**2 - 8*p - 26. Give w(-4).
-10
Let a(z) = -z**3 - 27*z**2 + 36*z + 987. Determine a(-27).
15
Let w(f) = f**3 + 179*f**2 + 2161*f + 41. Give w(-13).
2
Let k(u) = -u**2 - 37*u - 240. Give k(-32).
-80
Let y(v) = 8*v**2 - 6*v - 3. Calculate y(-4).
149
Let v(p) = -p**3 - 37*p**2 + 311*p - 22. Give v(7).
-1
Let j(y) = -53*y - 183. Calculate j(-2).
-77
Let f(l) = -22*l**2 - 1360*l - 1087. Determine f(-61).
11
Let s(n) = -2006*n**2 + 14042*n - 8. Calculate s(7).
-8
Let j(n) = 7*n**3 - 5*n**2 - 8*n - 15. What is j(-3)?
-225
Let i(z) = 305*z - 1837. Give i(6).
-7
Let j(o) = o**2 + 9*o + 21. What is j(-4)?
1
Let h(p) = p**3 - 16*p**2 + 47*p + 18. What is h(12)?
6
Let f(q) = 17*q**2 - 244*q - 245. Give f(-1).
16
Let i(x) = -x**2 - 435*x - 47229. Calculate i(-228).
-33
Let g(l) = l**3 - 20*l**2 + 82*l + 185. Determine g(12).
17
Let m(l) = -46*l - 70. Determine m(20).
-990
Let w(s) = -475*s + 28496. Determine w(60).
-4
Let x(h) = -5*h**3 + 22*h + 94. Determine x(-4).
326
Let i(s) = 188*s - 66. Calculate i(1).
122
Let b(y) = y**2 + 80*y + 821. Give b(-17).
-250
Let a(g) = 2589*g + 69899. Give a(-27).
-4
Let c(p) = -2*p**2 + 6*p - 13. What is c(-3)?
-49
Let h(p) = 7*p + 311. Give h(-40).
31
Let x(c) = 31*c - 70. Determine x(8).
178
Let c(f) = -4*f**3 + 3*f**2 + 5*f + 28. Give c(-3).
148
Let l(j) = j**3 + 9*j**2 - 55*j - 597. Determine l(-8).
-93
Let p(b) = -15*b**2 - 21*b + 4. Determine p(-2).
-14
Let b(p) = p**3 - p**2 + 6*p - 7. Determine b(-3).
-61
Let h(b) = 12*b**2 + b - 1. What is h(-1)?
10
Let c(x) = x**3 - 17*x**2 + 5*x - 85. Determine c(17).
0
Let p(f) = -f**2 - 37*f - 325. Calculate p(-18).
17
Let o(j) = -30*j + 99. What is o(4)?
-21
Let l(z) = -1776*z - 7. Determine l(0).
-7
Let t(c) = 90*c**2 - 38*c + 7. Give t(1).
59
Let c(m) = m**2 + 83*m + 1670. Calculate c(-33).
20
Let s(f) = f**3 - 62*f**2 + 232*f + 1. Give s(58).
1
Let j(v) = -v**2 + 146*v - 2159. Calculate j(129).
34
Let v(d) = -2*d**2 + 29*d + 68. Calculate v(22).
-262
Let z(d) = 71*d + 5476. Calculate z(-78).
-62
Let m(k) = -k**3 - 2*k**2 + 3*k - 11. Determine m(2).
-21
Let z(g) = g**3 + 16*g**2 + 34*g - 239. What is z(-9)?
22
Let f(b) = -b**3 + 28*b**2 - 94*b + 3. Give f(4).
11
Let z(r) = r**3 + 36*r**2 - 31*r - 85. Give z(-37).
-307
Let m(p) = p**3 - 27*p**2 + 186*p - 10. What is m(13)?
42
Let h(k) = -523*k + 1043. Give h(2).
-3
Let r(c) = c**2 + 30*c + 226. Calculate r(